vative of f(j). Determine t(1).
1
Let v(s) = s + 21. Let n be v(-9). Suppose 4*o - 3*b = 3*o, 3*b = 5*o - n. Let l(f) = 2*f + 4 - 7*f**2 - 3*f - o*f + f**3 + 6*f**2. Give l(3).
10
Suppose 0 = 2*o + 7 + 3, 16 = 2*x - 4*o. Let t be (-252)/54*(-3)/x. Let l(k) = -k**3 - 8*k**2 - 10*k - 6. Give l(t).
15
Let x = -6 + 9. Let f(d) be the third derivative of -d**5/60 + d**3/3 - 2484*d**2 + d + 1. Determine f(x).
-7
Let l(w) = -32*w - 14*w + 147 - 12 - 11 + 60. Determine l(4).
0
Let o(n) = -n**3 + n**2 + n. Let u(a) = -4*a**3 - 4*a**2 + 5*a - 2. Let d(w) = -3*o(w) + u(w). Let q be -23 - (-43)/(688/256). Give d(q).
-16
Let x(o) = o**3 + 9*o**2 - 62*o - 443. Let d be x(-11). Let p(z) be the first derivative of 3*z**2/2 + z + 11. Give p(d).
-8
Suppose 2*j + b - 6*b + 23 = 0, -3*j = -3*b + 12. Let r(t) = -34565*t - 651. Let n(y) = -637*y - 12. Let w(a) = -217*n(a) + 4*r(a). What is w(j)?
-31
Let l(n) be the second derivative of -n**4/12 + 2*n**3 - 21*n**2/2 - 2*n - 6. Let g(h) = 4*h - 7. Let w(f) = 7*g(f) - 2*l(f). Determine w(-5).
23
Let o(r) = r**3 + r**2 + r - 6. Let x be o(0). Let f(m) be the second derivative of m**4/12 + 2*m**3/3 + m**2 + 1049*m. Give f(x).
14
Let y(v) = -8*v - 13. Let j(i) = -20*i - 24. Let a(w) = 5*j(w) - 12*y(w). What is a(11)?
-8
Let r = 150 - 157. Let y(z) = -48*z - 330. What is y(r)?
6
Let d(r) = -3*r**3 - 34*r**2 - 24*r + 8. Let n(c) = -4*c**3 - 44*c**2 - 26*c + 9. Let a(j) = 3*d(j) - 2*n(j). Determine a(-12).
-42
Let b(a) = -a + 10. Let o be b(7). Suppose 2*q + 6 = -4*h, 8 = o*h - 2*q + q. Let y(l) = l**2 - 598368 - 598358 + 1196725 + l + 8*l**3. Give y(h).
9
Let w(z) = 8*z + 58. Suppose 45*i - 56*i = 88. Calculate w(i).
-6
Let p be ((-765)/(-170))/((-3)/4). Let f(i) = i + 2. Let t(u) be the third derivative of u**3/6 + 2*u**2. Let r(m) = -f(m) - 2*t(m). Give r(p).
2
Let s(m) = -6*m**3 - m**2 - 4*m. Let n(h) = -35*h**3 - 753*h**2 + 34*h**3 + 752*h**2. Let g(p) = -4*n(p) + s(p). Give g(3).
-39
Let j(f) = -5*f**3 + 32*f**3 + 90 - 16*f**3 - f**2 - f - 12*f**3. Calculate j(0).
90
Let p(i) = -i**3 - 10*i**2 - 7*i + 20. Let x be p(-9). Let u(k) = 15*k**2 - 14*k**2 + x*k + 1 - 7 + 2*k. Give u(-6).
6
Suppose 0 = -3*p + 4*p - 2. Let u be p/((10/(-25))/(-1)). Let h(d) = 6*d + 4 - d + 4 - u. Determine h(-2).
-7
Let u(j) = -j - 12. Let y(a) = a - 5. Let o be y(-1). Let i(k) = 2. Let x(w) = o*i(w) - u(w). Let f(d) = d**3 - 7*d**2 + d - 8. Let c be f(7). Calculate x(c).
-1
Let t(g) = g**3 + 9*g**2 + 8*g + 5. Let b be t(-8). Suppose l = b*l - 12. Let v(s) = -5*s - 5*s + 5*s - l*s. Give v(-2).
16
Let g(v) = v**2 + 3*v - 3. Let h be g(-5). Let q(d) = d**3 + 7*d**2 - d - 2. Let j be q(-7). Let r(b) = 21*b + 6*b**2 + 22*b - 38*b + j - b**3. Calculate r(h).
-9
Let c(i) = 2*i**2 - 7*i + 9. Let p be c(2). Let y(f) = p - 2*f + 25*f**3 - 13*f**3 - 13*f**3. Suppose 2*x - 3 - 1 = 0. Calculate y(x).
-9
Let w(x) be the third derivative of -x**6/60 - 2*x**5/5 + x**4/4 + 71*x**3/6 + x**2 - 169. Give w(-12).
-1
Let r(q) = 4*q**2 + q. Let f(h) = 3 - 16*h + 0 + 15*h. Let g be f(1). Suppose 4*u + 14 = -g*i, i + 0*i = -3*u - 9. Determine r(u).
14
Let k(q) = q**2 - 9*q + 9. Let j be (2 + -1)/(((-6)/(-3))/600). Let g = 308 - j. What is k(g)?
1
Let o(a) = a - 13*a + 36 + 8*a**2 + 72876*a**3 - 72877*a**3. Give o(7).
1
Let p(j) = -37 - 32 - 81 + 6 + 1129*j - 1180*j. What is p(-3)?
9
Let i(a) = -16*a**3 + a. Let c be i(1). Let y be (30/(-9))/((-5)/c + -1). Suppose 2*o - 15 = -2*o + 3*v, y = 2*o + v. Let z(l) = -l**2 + l + 2. Determine z(o).
-4
Let x(c) = -c**3 + 530*c + 12453 - 12517 - 528*c - 2*c**2. Calculate x(0).
-64
Let p(n) be the second derivative of 5*n**4/6 - n**3/2 + n**2 + 120*n + 4. Calculate p(1).
9
Suppose -u + 2 = 0, 22 = -3*b + 9*u - 13*u. Let o(j) = -7*j - 62. Calculate o(b).
8
Let s(v) = -v**3 - v**2 + v - 1. Let y(w) = -w**3 - 4*w**2 - w**3 - 3*w**2 - 5*w + 6. Let q be (2 + 1)*2 - 5. Let g(x) = q*y(x) - s(x). Determine g(-5).
12
Let t = 9 - 17. Let a(w) = -2*w**2 - 9140*w - 2*w**2 + 9129*w - 4*w**2 - 1 + 7*w**2. Determine a(t).
23
Let p(i) = 3*i**2 + 13 - 589*i + 1228*i + 36 - 603*i. What is p(-10)?
-11
Let i = 0 - -2. Let p = i - 4. Let h(x) = -112998 + 338999 - 113003 - 112999 - 12*x. Determine h(p).
23
Let d = 9325 + -9332. Let c(j) = 16*j + 110. Determine c(d).
-2
Let d = 302 - 300. Let m(v) = -25 + d*v**2 - 23 - v + 2*v + 49. Determine m(-3).
16
Let x(y) = y - 42*y**2 - 42*y**2 + 119*y**2 - 36*y**2 - 5*y - 3. Suppose 34 = -0*w - 3*w - 5*m, m = -w - 8. What is x(w)?
0
Suppose -82*h = 71 + 913. Let d(m) = 2*m + 18. Let q(b) = -b - 1. Let r(c) = d(c) + q(c). Calculate r(h).
5
Suppose -2 = -5*g - 382. Let z be 2 + g + (3 - (-4 - -3)). Let k be ((-7)/(z/(-12)))/((-6)/(-20)). Let j(h) = -h**2 - 6*h - 2. Calculate j(k).
6
Let l(f) = f - 26. Let s be 32*(-392)/(-1792) - 2/((-4)/(-14)). Determine l(s).
-26
Let k be (-10)/((-14)/7) - 3. Let l(o) = -o**2 + 3. Let y(q) = q**2 + 1. Let n(g) = k*y(g) - l(g). Determine n(2).
11
Let u(t) = -6 + 3 + 2 - 15*t + 0. Let h be 1/1 + 1535/(-5). Let g = 307 + h. Calculate u(g).
-16
Let i(h) = 83147*h**3 - 83146*h**3 - 8*h**2 - 6*h - 1 + 25. What is i(8)?
-24
Let j(n) = n**2. Let d(q) = 5*q**2 - 7*q - 12. Let f(y) = -d(y) + 4*j(y). Suppose -2*u + 69 = 3*c + 51, 0 = -c. Determine f(u).
-6
Let l(y) = y**2 + 3*y + 11. Let n(c) be the first derivative of c**3/3 + c**2 + 12*c + 1. Let a(i) = -6*l(i) + 5*n(i). Suppose 266*b + 240 = 226*b. Give a(b).
6
Let d(b) = -10*b + 4. Suppose -212*f = -243*f - 186. Give d(f).
64
Let s(m) = -3*m + 4. Suppose -2*t - 46 = 4*n, -5*t = -2*t + n + 49. Let r = t - -23. Determine s(r).
-20
Let b be ((-15)/(-2))/15*(284 - 0). Suppose -141*t + 1 = -b*t. Let v(r) = 34*r**2. Calculate v(t).
34
Suppose -4*y + 60 = -2*y - 14*y. Let j(v) = 13*v**2 + 67*v + 12. Determine j(y).
2
Let i(n) be the second derivative of -1/3*n**3 - 1/2*n**4 - n**2 + 3*n - 27. What is i(-1)?
-6
Let v(o) = -o**2 - 71*o + 308. Suppose 4*q + 5 - 384 = 5*u, 5*u + 4*q + 371 = 0. Calculate v(u).
8
Let t(x) be the third derivative of -x**6/120 + 7*x**5/60 + x**4/3 + x**3/3 - 432*x**2. Let f be (16/(-5))/((-8)/20). What is t(f)?
2
Suppose 0 = -5*s - 3*s + 80. Let b = s - -30. Let f(d) = 24*d - b*d + 18*d. Give f(-3).
-6
Let j = -33 - -29. Let o be (-10)/(((-2)/(-18))/(2/j)). Let q be (o/10)/(((-9)/(-6))/(-3)). Let s(p) = -p**3 - 8*p**2 + 11*p + 1. Give s(q).
-17
Let k(w) = w**3 + w**2 + w - 7. Let j(b) = -9*b**3 - 27*b**2 - 5*b + 107. Let h(x) = j(x) + 8*k(x). Give h(-19).
-6
Let w(m) = -14*m - 11. Suppose 87*n - 3*h + 1 = 85*n, 4*n - 2*h = -6. What is w(n)?
17
Let n be (-7)/((64/(-96))/((-4)/(-6))). Let v(c) = 2*c**2 - 20*c + 38. Let x be v(n). Let y(d) = -d**3 - 6*d**2 - 8*d + 6. Calculate y(x).
6
Let l be (2/(-1 + -1))/((-2)/4). Suppose 30 = 3*o - 3*u + 6*u, -3*o = l*u - 27. Suppose 6 + 15 = -o*w. Let x(s) = -2*s**2 - 2*s. Give x(w).
-12
Let o(f) = -4*f - 5. Suppose -3*r = -3*d - 3, 2*d + 2*r = -0*r - 18. Let x be d + 6 + (-4)/2. Let j(a) = a. Let y(m) = x*o(m) - 3*j(m). What is y(0)?
5
Let c(n) = -n**2 + 2*n - 3. Suppose 0 = 3*m - 13*m + 40. Suppose 0 = 3*i - 4*i + m. Let s be c(i). Let t(p) = -p**2 - 10*p + 15. Determine t(s).
4
Let h(j) = -54*j**3 - 2*j**2 - 5*j - 3. Let i be h(-2). Let u = i - 440. Let a(z) = -z**3 - 10*z**2 - 10*z + 4. Determine a(u).
13
Let a(x) = 3*x**2 - 3*x + 3. Let b(i) = -i**2 - 4*i - 5. Let n be b(-3). Let k be a(n). Let s = k - 21. Let h(y) = -y - 5. Give h(s).
-5
Let q(y) = y - 18. Suppose -15543 + 15643 = 10*o. Let j = 3 + 3. Suppose -2*h + 5*t = o, -2 = -h + 2*t - j. Determine q(h).
-18
Let k(r) be the first derivative of r**5/120 + 7*r**4/24 - 5*r**3 - r**2/2 - 20. Let t(v) be the third derivative of k(v). Calculate t(-8).
-1
Let g(m) = 3*m**2 + 8*m + 2. Let a(c) = 7*c**2 + 17*c + 3. Let k = -5 - 4. Let l(t) = k*g(t) + 4*a(t). Suppose -72*i = 14*i - 430. Determine l(i).
-1
Let l(b) = b**3 + b**2. Let a(n) = 3*n - 39. Let w be a(14). Suppose 0 = 2*k + 5*u - 49, -4*k + w*u + 42 - 9 = 0. Suppose 0 = -k*h + h - 33. What is l(h)?
-18
Let h(j) = 4*j - 33*j - 4*j + 10*j. Suppose 59*v - 41 = 18. Calculate h(v).
-23
Suppose 2*s + 10 = 32*a - 36*a, -5*s + 31 = -4*a. Let v(x) = 23*x**2 + 25*x**2 - 1 - x**s - 54*x**2 - 3. What is v(-6)?
-4
Suppose q = -2*q. Let s(b) = -4*b + q + 2 + 11*b + 2. Let p be 